{"id":7314,"date":"2026-04-27T15:45:52","date_gmt":"2026-04-27T18:45:52","guid":{"rendered":"https:\/\/iadesl.org\/?post_type=product&#038;p=7314"},"modified":"2026-04-28T20:32:31","modified_gmt":"2026-04-28T23:32:31","slug":"inscricao-treinamento-ebf-2025-copia","status":"publish","type":"product","link":"https:\/\/iadesl.org\/index.php\/produto\/inscricao-treinamento-ebf-2025-copia\/","title":{"rendered":"Inscri\u00e7\u00e3o Treinamento EBF 2026"},"content":{"rendered":"<p>Inscri\u00e7\u00e3o Treinamento da Escola B\u00edblica de F\u00e9rias 2026 da IADESL &#8211; Assembleia de Deus em S\u00e3o Luis<\/p>\n","protected":false},"excerpt":{"rendered":"<p>Inscri\u00e7\u00e3o Treinamento da Escola B\u00edblica de F\u00e9rias 2026 da IADESL &#8211; Assembleia de Deus em S\u00e3o Luis<\/p>\n","protected":false},"featured_media":7366,"template":"","meta":[],"product_brand":[],"product_cat":[2320,2348,2319,2327],"product_tag":[],"class_list":{"0":"post-7314","1":"product","2":"type-product","3":"status-publish","4":"has-post-thumbnail","6":"product_cat-conferencia","7":"product_cat-congresso","8":"product_cat-evento","9":"product_cat-kit-treinamento","11":"first","12":"instock","13":"virtual","14":"sold-individually","15":"purchasable","16":"product-type-simple"},"_links":{"self":[{"href":"https:\/\/iadesl.org\/index.php\/wp-json\/wp\/v2\/product\/7314","targetHints":{"allow":["GET"]}}],"collection":[{"href":"https:\/\/iadesl.org\/index.php\/wp-json\/wp\/v2\/product"}],"about":[{"href":"https:\/\/iadesl.org\/index.php\/wp-json\/wp\/v2\/types\/product"}],"wp:featuredmedia":[{"embeddable":true,"href":"https:\/\/iadesl.org\/index.php\/wp-json\/wp\/v2\/media\/7366"}],"wp:attachment":[{"href":"https:\/\/iadesl.org\/index.php\/wp-json\/wp\/v2\/media?parent=7314"}],"wp:term":[{"taxonomy":"product_brand","embeddable":true,"href":"https:\/\/iadesl.org\/index.php\/wp-json\/wp\/v2\/product_brand?post=7314"},{"taxonomy":"product_cat","embeddable":true,"href":"https:\/\/iadesl.org\/index.php\/wp-json\/wp\/v2\/product_cat?post=7314"},{"taxonomy":"product_tag","embeddable":true,"href":"https:\/\/iadesl.org\/index.php\/wp-json\/wp\/v2\/product_tag?post=7314"}],"curies":[{"name":"wp","href":"https:\/\/api.w.org\/{rel}","templated":true}]}}